 is the greatest common factor of x and 34?
17
Suppose 12 = -5*v + 57. Calculate the highest common factor of 81 and v.
9
Suppose 0*u + 18 = 2*u. Let f = u - 5. Let l be 22/f + 3/(-6). Calculate the highest common divisor of l and 10.
5
Let d(h) = -h**3 - 8*h**2 - 7*h + 7. Let k be d(-7). Calculate the highest common divisor of 70 and k.
7
Suppose 0 = 5*u + 3*r - 231 - 114, 0 = -5*u + 5*r + 305. Let d be 0*((-6)/(-9))/(-2). Suppose d = -2*l + l + 6. What is the highest common divisor of u and l?
6
Let b(f) = -f**3 - 6*f**2 + 6*f + 5. Let c be b(-7). Suppose 4*p - 5*v - 22 = -3*v, -2*p + 3*v = -17. What is the greatest common factor of p and c?
4
Let s = -15 + 63. Suppose -2*a - 70 = -0. Let c be (-8)/(-24) - a/3. What is the greatest common divisor of s and c?
12
Let r be (-216)/48*(-51 + -1). Calculate the greatest common factor of r and 26.
26
Let c(z) = -z**2 + 3*z - 1. Let s be c(3). Let y = 5 + s. Let w be ((4 - 3)*-1)/(-1). What is the greatest common factor of w and y?
1
Suppose 0*l = l - 15. Suppose 3*x - z - 44 = 0, -3*x = z - 25 - l. Suppose -i = 4*g - 24, 3*i - x - 123 = g. What is the highest common divisor of i and 4?
4
Let q be 96/(-15)*(-30)/4. Suppose -460 = y - 6*y. Suppose -3*i = n + 3*n - y, 4*n = -4*i + 124. What is the greatest common factor of q and i?
16
Suppose 0 = -5*k + 25, k = 12*y - 15*y + 83. Calculate the greatest common factor of y and 416.
26
Suppose -2*i = 2*p - 158, 4*i + 243 = 3*p + i. Suppose k + 2 = -3*m, 3*m - 17 = -3*k + 1. Calculate the highest common divisor of p and k.
10
Let c = 4 - 10. Let q be (c/(-7))/((-6)/(-84)). What is the greatest common divisor of q and 30?
6
Let g(y) = 6 + 2*y**2 - 5 + 0*y**2 - 2*y. Suppose 3*j = 4*j + 2. Let s be g(j). Calculate the greatest common factor of s and 117.
13
Let u be (2/6)/(9/486). Calculate the greatest common factor of u and 45.
9
Suppose 0*p - 2*p + 180 = 0. Suppose -2*j - 3 + 23 = 0. What is the highest common divisor of j and p?
10
Let v be ((-4)/16)/(2/(-24)). Suppose -v*i - 2*i + 110 = 0. What is the highest common factor of 55 and i?
11
Let f = 194 + -104. Let p(w) = -6*w**2 - 4*w**3 - 3*w + 2*w + 1 + 3 + 3*w**3. Let q be p(-6). Calculate the highest common divisor of q and f.
10
Let r be -2 + 2 - (-114)/(0 + 3). What is the highest common factor of r and 2?
2
Let a(r) = 7*r - 2. Let q be a(2). Suppose -3*k = k - q. Calculate the highest common factor of k and 15.
3
Let n be 4*(1 - (-1)/4). Calculate the greatest common factor of 20 and n.
5
Let w = 16 - 7. Let t(b) = -6*b**2 - 3*b + 6. Let p(v) = -v**2 + 1. Let k(s) = -5*p(s) + t(s). Let g be k(-2). Calculate the greatest common divisor of w and g.
3
Suppose 2*l - 4*l + 6 = 0. Let x be 5 - ((-2 - -3) + -2). Calculate the highest common factor of l and x.
3
Let t be ((-1)/(-3))/(2/2442). What is the greatest common divisor of t and 37?
37
Let l = -8 - -41. Suppose 3*f = -2*f + 260. Suppose h = 2*x - 5*x + 36, -5*x + h + f = 0. Calculate the greatest common divisor of x and l.
11
Suppose -c = -7 - 2. Let f = c + -4. Suppose -f*a + 1 = -14. Calculate the highest common factor of a and 18.
3
Let m be (1 - -11)*(-3)/(-6). Suppose 3*b + 3 = -2*d, 4*d - 5*d - 2*b = 4. Calculate the greatest common factor of d and m.
6
Let s = -5 - -4. Let f be 6*(s + 5/3). Suppose -4*x + 128 = -4*c, -f*x + 2*x = 3*c - 79. What is the greatest common divisor of 5 and x?
5
Let t = 63 - 35. Let y be 3/(63/(-14)) + 46/6. Calculate the highest common factor of y and t.
7
Let x(z) = -z**2 - 3*z + 90. Let j be x(0). Calculate the highest common factor of 20 and j.
10
Suppose -3*n - 40 = -8*n. Calculate the greatest common divisor of n and 2.
2
Let i = -2 - -6. Suppose 397 = 5*n + 4*w, i*n + 6*w - 314 = w. Let r(h) = -2*h + 3. Let p be r(-3). What is the highest common divisor of p and n?
9
Let m = -31 - -33. Let x(f) = 3*f - 2. Let p be x(2). Suppose -3*s - 2 = -p*s. What is the greatest common factor of m and s?
2
Let u be -419*(-2 + 3 + -2). Suppose -14 + u = 5*b. Suppose -4*p + 7*p - b = 0. What is the highest common divisor of 9 and p?
9
Suppose 5*s - 49 - 51 = -4*d, 3*s + 48 = 3*d. Calculate the greatest common factor of d and 15.
5
Suppose h = -4*h. Suppose h = t - 15 - 20. What is the greatest common factor of t and 14?
7
Let f = -6 - -18. Calculate the highest common factor of f and 18.
6
Let p be 14/3*6/2. Let t = 1 + -2. Let v be t/(-2) + 502/4. What is the greatest common divisor of v and p?
14
Suppose -4*b = 11 - 67. Calculate the highest common divisor of 28 and b.
14
Let l(j) = j**2 - 10*j. Let v be l(12). Calculate the highest common divisor of v and 16.
8
Suppose 5*g = -4*o - 29 - 3, -5*g - 30 = 5*o. Let x = g - -47. Calculate the highest common divisor of x and 13.
13
Let b(f) = -f**2 + 10*f - 5. Let c be b(9). Suppose q = c*q - 414. Suppose 2*y + 3*u = 60, 11 - q = -5*y + 4*u. What is the highest common factor of y and 18?
9
Suppose 4 = 2*v, 4*q + 3*v - 32 = -v. Suppose j = q*j + 40. Let y be 4/(-16) + (-162)/j. What is the greatest common divisor of y and 10?
10
Suppose 2*k = -3*c - 5 - 5, 0 = -k + 1. Let o = c + 5. Let s be -3 + o - 8*-1. Calculate the greatest common divisor of 15 and s.
3
Suppose -t + 2 = 10. Let s = t + 11. Suppose -s*z + u = -6, 0*u = 2*u. Calculate the highest common divisor of z and 4.
2
Suppose 5*g - 875 = -5*h, 0*h - 4*g = -4*h + 708. What is the highest common divisor of h and 16?
16
Suppose -4*k = 3*g - 12, g + 3*g - 3*k + 9 = 0. Suppose -3*n - n = g. Suppose d + 7 = o, -o + 2*d = -n*o - 9. What is the highest common factor of 2 and o?
1
Let i be (-748)/(-8) + 1/(-2). Let p be (106/4)/(4/8). Let m = i - p. What is the highest common factor of m and 60?
20
Let p be (-2 - 6)*75/(-20). Calculate the greatest common factor of 210 and p.
30
Suppose -14*q = -13*q - 95. What is the greatest common divisor of q and 19?
19
Let u(z) = z**3 + 12*z**2 + 4. Let w be u(-12). What is the highest common factor of 10 and w?
2
Let k = 26 - 57. Let u = -16 - k. Suppose 3*t - u = -6. Calculate the greatest common divisor of 2 and t.
1
Suppose 2*x - 104 = -0*h - 2*h, -3*x - 156 = -3*h. What is the greatest common factor of h and 130?
26
Let v = 14 - 8. Let j = 10 + -7. What is the highest common factor of v and j?
3
Let k(t) be the third derivative of -t**4/24 + 11*t**3/6 - 3*t**2. Let a be k(7). Let u = -55 - -99. What is the highest common divisor of u and a?
4
Let g = -29 + 21. Let k be (g/3)/(10/(-15)). Suppose -z + 4*h + 26 = 0, 106 = k*z - h + 32. What is the highest common divisor of 90 and z?
18
Suppose -4*w - 5*t - 2 = -48, 28 = 2*w + 5*t. Let m = 5 + 1. Calculate the greatest common divisor of m and w.
3
Let l(h) = -h**2 - 1. Let v(n) = -8*n**2 + 11*n - 11. Let s(i) = 4*l(i) - v(i). Let d be s(7). Calculate the highest common factor of 14 and d.
14
Let p(j) = j**2 + 3*j. Let d be p(3). Let w be -6*(-2 + 3 - 2). What is the highest common factor of d and w?
6
Let u = 2 - -3. Suppose 0 = -5*s + u. Let k(j) = 10*j. Let h be k(s). Calculate the greatest common factor of 100 and h.
10
Let q(u) = -u**2 - 5*u - 1. Suppose 4*s - k = -26 - 1, 0 = -2*k - 2. Let r be q(s). Let o be (108/r)/((-4)/20). Calculate the highest common divisor of o and 9.
9
Let m = -42 + 90. What is the greatest common factor of m and 36?
12
Let o be 2/7 + (-1440)/(-105). Calculate the highest common factor of o and 112.
14
Let t(x) = x**3 + 2*x**2 - 5. Let z be t(4). What is the highest common divisor of 13 and z?
13
Let x be (-46)/(-6) + (-2)/(-6). Suppose x = 2*b - 12. Let n = -1 + b. What is the highest common factor of 81 and n?
9
Let h(l) = l**2 + 8*l + 12. Let m be h(-8). What is the greatest common factor of m and 24?
12
Suppose g + 48 = 2*w, 3*w + 162 = -4*g + 5*w. Let l = g - -143. What is the greatest common divisor of l and 15?
15
Let n be ((-42)/9)/((-2)/6). Suppose -16*w + 18 = -7*w. What is the highest common factor of w and n?
2
Suppose -5 = -4*j - j. Let d be j + 0 - (-1 + -43). What is the highest common factor of 5 and d?
5
Let x = -4 - -19. Suppose 4*i + t = -i + 11, -2*i + 14 = -2*t. Calculate the highest common divisor of i and x.
3
Let v = -17 - -13. Let q be -1 - 0 - (-7 - v). Calculate the highest common divisor of q and 1.
1
Suppose 5*q + 67 - 287 = 5*r, -4*r = 0. What is the greatest common factor o